 -6*r - 132. Let h be g(-28). Calculate the greatest common divisor of h and t.
36
Suppose 3*m + 2*m - 5350 = 4*r, 4*r - 5310 = -5*m. What is the highest common factor of m and 82?
82
Suppose 0 = 2*m + 3*z - 86 + 13, 5*m + z = 189. Suppose -4*u = -10 - m. Calculate the highest common divisor of u and 48.
12
Let g be (16 - 6/(-2))*1. Suppose -8*y + 58 = -94. What is the highest common divisor of g and y?
19
Let u(x) = 9*x**3 - x**2 - 7*x + 8. Let p be u(4). Calculate the greatest common divisor of p and 36.
36
Suppose w - 3*j - 4 = 11, 5*w = 4*j + 31. Suppose z - w = -1. Suppose -z = -t + 4. What is the highest common factor of t and 3?
3
Suppose 10*v = 16*v - 12. Suppose 0 = -2*k - v*k + 12. What is the highest common factor of k and 24?
3
Let s = 2 - 3. Let c = s + 55. Let b(l) = -2*l**2 + 52*l + 60. Let q be b(27). What is the greatest common divisor of c and q?
6
Let u(p) = -p**3 + 6*p**2 + 8*p - 4. Let v be u(6). Suppose 57*g - 63*g = -66. What is the greatest common factor of v and g?
11
Let i = 6 + 6. Let m = 55 + -7. Calculate the greatest common factor of i and m.
12
Let n(t) = 12*t + 36. Let q be n(2). Let r(k) = 9*k - 3. Let c be r(2). What is the greatest common divisor of q and c?
15
Let r be 0 - ((-10)/(-6) - 2)*0. Suppose 0*n - n = -3*a + 214, r = 3*a + 2*n - 220. Calculate the highest common factor of a and 18.
18
Let y = 14 + -9. Let b(q) = q**3 - 5*q**2 + 2*q + 1. Let c be b(y). Calculate the highest common divisor of c and 99.
11
Suppose 0 = -3*b + 24 + 3. Let z(x) = -11*x + 8. Let a be z(-5). Calculate the highest common factor of b and a.
9
Let l = 166 + -68. What is the highest common divisor of 14 and l?
14
Suppose 5*m - 13 = -8. Let p be m/(-2)*(-2)/1. What is the highest common factor of p and 1?
1
Suppose -526 = -5*j - 10*t + 7*t, 316 = 3*j + 2*t. Calculate the greatest common factor of 91 and j.
13
Let v be 70/10 + (-4 - -2). Calculate the greatest common factor of 85 and v.
5
Let k = -2728 - -2739. What is the greatest common divisor of k and 1705?
11
Suppose 0 = 24*v - 11 - 13. Calculate the highest common factor of v and 4.
1
Let p(l) = -5*l + 5. Suppose -2 = d, -r + 5*d = -3*r - 18. Let y be p(r). What is the highest common divisor of y and 10?
5
Let u(n) = 13*n - 3. Suppose 7*l + 12 = 3*l. Let g = 0 - l. Let w be u(g). What is the greatest common factor of w and 24?
12
Let w = 720 - 717. Suppose 3*v + 0*v - 171 = 0. What is the highest common factor of w and v?
3
Suppose j - 5*z + 24 = 3*j, 0 = 2*j - 2*z - 38. Suppose -j*x + 15*x + 360 = 0. Calculate the greatest common divisor of 36 and x.
36
Suppose w = -5*f + 881, -3*w = 3*f - 552 + 21. Calculate the greatest common factor of 11 and f.
11
Let n = 24 - 24. Suppose n = 8*q - 10*q + 220. What is the highest common factor of q and 10?
10
Let q be (-2 + (-6)/(-6))/(2/(-4)). Suppose 3*y + 41 = -q*j + 3*j, -2*j + 67 = -y. What is the greatest common divisor of j and 224?
32
Suppose 3*r - 595 = -2*r. Let w(d) = -d**2 + 8*d + 5. Let x(v) = 6*v - 24. Let a be x(5). Let t be w(a). What is the greatest common divisor of t and r?
17
Let r be (-2)/((-2)/(-3))*1. Let t(k) = 48*k**3 - 2*k + 1. Let w be t(1). Let c = r + w. Calculate the greatest common factor of 4 and c.
4
Suppose 0 = 3168*l - 3175*l + 224. Calculate the highest common divisor of 864 and l.
32
Let m be 2/(1 - 4/6). Let n(f) = f**2 + 9*f - 9. Let l be n(-10). Let r be l + 1 - 368/(-8). Calculate the greatest common divisor of r and m.
6
Let m = 308 + -290. Calculate the greatest common divisor of 198 and m.
18
Let g = 28 - 8. Let u(b) = 10*b - 142. Let l be u(g). Let w(v) = v**3 + v**2 + v + 29. Let j be w(0). Calculate the highest common factor of j and l.
29
Let d be (-3)/(-5) - (-108)/20. Suppose 0 = -d*p + 4 + 50. What is the highest common factor of 6 and p?
3
Let k(z) = -z - 2. Let t be k(-2). Suppose w - 36 + 9 = t. Suppose -3*l = -2*m + 2*l + 417, l - 3 = 0. What is the highest common divisor of m and w?
27
Let i = -968 + 979. What is the highest common divisor of 407 and i?
11
Let q be ((-18)/(-45))/(-3 + 62/20). Suppose 2*i - q*t = 46, -2*i + 4*i + 4*t = 14. Calculate the highest common divisor of i and 165.
15
Let k(l) = -2*l**3 - 10*l**2 - 13*l - 17. Let f be k(-7). Calculate the highest common factor of f and 30.
30
Let y = -570 + 661. What is the highest common divisor of y and 56?
7
Let n = 36 + -32. Let z = 85 - n. Calculate the highest common factor of 54 and z.
27
Suppose x + 8 - 15 = 0. Suppose 1 + x = u. What is the highest common divisor of u and 16?
8
Let i be 2 + 6 + -4 + 3. Suppose 4*h - 88 = -0*h. Let t = -8 + h. What is the highest common factor of i and t?
7
Suppose f = -1 + 2. Suppose -4*r + 9 = -r. What is the greatest common divisor of f and r?
1
Let l = 11 + -8. Suppose -5*x - 5 = 0, 4*s - l*s = 4*x + 7. Let o be 155/10 - s/2. Calculate the greatest common divisor of 21 and o.
7
Let j(o) = 8*o**3 - 2*o**2 + 3*o + 2. Let m be j(2). Let n = m - 37. Let q be (108/5)/((-4)/(-40)). What is the greatest common factor of n and q?
27
Suppose 5*l - 7 + 22 = 0. Let y be (-6)/((-160)/52 - l) - 2. What is the greatest common divisor of y and 19?
19
Let c be 4 + 4*3/(-6). Suppose 5*f + c*l = -3*l + 40, l + 8 = f. Calculate the highest common divisor of 1 and f.
1
Let y be (-7 + 12)*(-36)/(-10). Let a be (-4*(-24)/20)/(4/30). What is the highest common divisor of y and a?
18
Let l = -9 - -14. Suppose l*x - 77 = -2*x. What is the highest common divisor of x and 121?
11
Suppose 0 = -154*f + 162*f - 1800. What is the highest common factor of f and 400?
25
Suppose 349 = t + 9. What is the highest common divisor of 20 and t?
20
Let o(w) = 2*w**2 - 3*w + 1. Suppose 2*n + 30 = 30. Let i be o(n). Calculate the highest common divisor of i and 7.
1
Let g be (5/(-20))/(1/(-36)). Suppose -3*w - w = 12. Let d be ((-189)/(-3))/(w/(-3)). What is the greatest common divisor of g and d?
9
Suppose 9*g + 6*g - 525 = 0. What is the greatest common factor of g and 210?
35
Let c be 4/(-4)*5 + 33. Suppose 2*v = -3*v + 420. Calculate the greatest common factor of c and v.
28
Suppose 0 = 10*w - 187 + 537. Let f = 47 + w. Calculate the highest common divisor of f and 6.
6
Let j(g) = g**2 - 11*g - 19. Let o be j(16). Let t = o - 13. Calculate the highest common divisor of t and 6.
6
Let a(l) = -l**3 + 6*l**2 - l - 7. Let f = -6 + 20. Suppose 4*n - f = 6. Let g be a(n). Calculate the highest common divisor of 143 and g.
13
Suppose -102 = 8*l - 5*l. Let n = l + 50. Let b be -1 + -4 - -5 - -80. Calculate the highest common divisor of n and b.
16
Suppose 267 = 2*b + 4*h - 61, -159 = -b - h. Calculate the highest common factor of b and 22.
22
Let h(p) = 3*p - 11. Let g(n) = -4*n + 17. Let j(v) = 5*g(v) + 7*h(v). Let r = 78 - 71. Let b be j(r). Calculate the greatest common factor of b and 3.
3
Suppose -x - 2*x - 7 = -5*r, -5*x + 4*r = -10. Suppose -4*v + 4 = -5*p - 35, 3*v - 4*p - 30 = 0. Calculate the highest common factor of x and v.
6
Let j = -156 + 187. Suppose -3*t = 2*g - 7*g - 450, -2*g - 459 = -3*t. What is the highest common divisor of t and j?
31
Suppose -37*a - 448 = -51*a. Suppose k = -4*k + 1280. Calculate the highest common divisor of a and k.
32
Suppose 0 = 7*z - 14 - 98. Let y(q) = -q**2 - 6*q - 2. Let t be y(-4). Let h = 10 + t. What is the highest common divisor of h and z?
16
Let h = 369 + -336. Calculate the highest common factor of 242 and h.
11
Suppose -3*y + 3*g + 75 = 0, 3*y + g = 6*g + 69. Let b be (-6558)/(-78) + (-30)/390. What is the highest common factor of b and y?
28
Suppose -2*f - 7 + 9 = 0. Suppose 2*t - 35 = 5*j, -5*t = j - 21 + f. Calculate the highest common divisor of t and 15.
5
Let b be (2 + 41/(-4))/((-291)/3104). Calculate the highest common factor of 451 and b.
11
Suppose -3*g - f - 307 = 0, -5*g = 3*f + 323 + 194. Let x = g - -277. What is the greatest common divisor of x and 22?
22
Suppose 500 = 2*s + 124. What is the highest common divisor of 4 and s?
4
Let q = 641 + -1316. Let a be ((-2)/(-5))/((-9)/q). What is the highest common factor of a and 20?
10
Let a(c) = 5*c**2. Let t be a(-1). Suppose -29*y + t = -24*y. Calculate the highest common divisor of 8 and y.
1
Suppose 0 = 106*g - 107*g + 22. Let u be (-68)/(-6) + 3/(-9). What is the greatest common divisor of u and g?
11
